{"id":347,"date":"2022-02-20T23:12:32","date_gmt":"2022-02-20T23:12:32","guid":{"rendered":"https:\/\/maxiloface.com.co\/?page_id=347"},"modified":"2022-03-24T23:30:16","modified_gmt":"2022-03-24T23:30:16","slug":"exodoncias-de-incluidos","status":"publish","type":"page","link":"https:\/\/maxiloface.com.co\/?page_id=347","title":{"rendered":"Cirug\u00eda Ortogn\u00e1tica"},"content":{"rendered":"\t\t<div data-elementor-type=\"wp-page\" data-elementor-id=\"347\" class=\"elementor elementor-347\">\n\t\t\t\t\t\t\t\t\t<section class=\"elementor-section elementor-top-section elementor-element elementor-element-124aef5 elementor-section-height-min-height elementor-section-boxed elementor-section-height-default elementor-section-items-middle\" data-id=\"124aef5\" data-element_type=\"section\" data-settings=\"{&quot;background_background&quot;:&quot;classic&quot;,&quot;_ha_eqh_enable&quot;:false}\">\n\t\t\t\t\t\t\t<div class=\"elementor-background-overlay\"><\/div>\n\t\t\t\t\t\t\t<div class=\"elementor-container elementor-column-gap-default\">\n\t\t\t\t\t<div class=\"elementor-column elementor-col-100 elementor-top-column elementor-element elementor-element-97ff30a\" data-id=\"97ff30a\" data-element_type=\"column\">\n\t\t\t<div class=\"elementor-widget-wrap elementor-element-populated\">\n\t\t\t\t\t\t\t\t<div class=\"elementor-element elementor-element-419017f elementor-widget elementor-widget-heading\" data-id=\"419017f\" data-element_type=\"widget\" data-widget_type=\"heading.default\">\n\t\t\t\t<div class=\"elementor-widget-container\">\n\t\t\t<style>\/*! elementor - v3.6.1 - 23-03-2022 *\/\n.elementor-heading-title{padding:0;margin:0;line-height:1}.elementor-widget-heading .elementor-heading-title[class*=elementor-size-]>a{color:inherit;font-size:inherit;line-height:inherit}.elementor-widget-heading .elementor-heading-title.elementor-size-small{font-size:15px}.elementor-widget-heading .elementor-heading-title.elementor-size-medium{font-size:19px}.elementor-widget-heading .elementor-heading-title.elementor-size-large{font-size:29px}.elementor-widget-heading .elementor-heading-title.elementor-size-xl{font-size:39px}.elementor-widget-heading .elementor-heading-title.elementor-size-xxl{font-size:59px}<\/style><h2 class=\"elementor-heading-title elementor-size-default\">Cirug\u00eda ortogn\u00e1tica<\/h2>\t\t<\/div>\n\t\t\t\t<\/div>\n\t\t\t\t\t<\/div>\n\t\t<\/div>\n\t\t\t\t\t\t\t<\/div>\n\t\t<\/section>\n\t\t\t\t<section class=\"elementor-section elementor-top-section elementor-element elementor-element-6840cdf elementor-section-boxed elementor-section-height-default elementor-section-height-default\" data-id=\"6840cdf\" data-element_type=\"section\" id=\"biopsia\" data-settings=\"{&quot;_ha_eqh_enable&quot;:false}\">\n\t\t\t\t\t\t<div class=\"elementor-container elementor-column-gap-default\">\n\t\t\t\t\t<div class=\"elementor-column elementor-col-100 elementor-top-column elementor-element elementor-element-e3687da\" data-id=\"e3687da\" data-element_type=\"column\">\n\t\t\t<div class=\"elementor-widget-wrap elementor-element-populated\">\n\t\t\t\t\t\t\t\t<section class=\"elementor-section elementor-inner-section elementor-element elementor-element-57ed46d elementor-section-boxed elementor-section-height-default elementor-section-height-default\" data-id=\"57ed46d\" data-element_type=\"section\" data-settings=\"{&quot;_ha_eqh_enable&quot;:false}\">\n\t\t\t\t\t\t<div class=\"elementor-container elementor-column-gap-default\">\n\t\t\t\t\t<div class=\"elementor-column elementor-col-100 elementor-inner-column elementor-element elementor-element-d508682\" data-id=\"d508682\" data-element_type=\"column\">\n\t\t\t<div class=\"elementor-widget-wrap elementor-element-populated\">\n\t\t\t\t\t\t\t\t<div class=\"elementor-element elementor-element-c5b6fe6 elementor-widget elementor-widget-heading\" data-id=\"c5b6fe6\" data-element_type=\"widget\" data-widget_type=\"heading.default\">\n\t\t\t\t<div class=\"elementor-widget-container\">\n\t\t\t<h2 class=\"elementor-heading-title elementor-size-default\">\u00bfEn qu\u00e9 consiste?<\/h2>\t\t<\/div>\n\t\t\t\t<\/div>\n\t\t\t\t<div class=\"elementor-element elementor-element-71372cb elementor-widget elementor-widget-text-editor\" data-id=\"71372cb\" data-element_type=\"widget\" data-widget_type=\"text-editor.default\">\n\t\t\t\t<div class=\"elementor-widget-container\">\n\t\t\t<style>\/*! elementor - v3.6.1 - 23-03-2022 *\/\n.elementor-widget-text-editor.elementor-drop-cap-view-stacked .elementor-drop-cap{background-color:#818a91;color:#fff}.elementor-widget-text-editor.elementor-drop-cap-view-framed .elementor-drop-cap{color:#818a91;border:3px solid;background-color:transparent}.elementor-widget-text-editor:not(.elementor-drop-cap-view-default) .elementor-drop-cap{margin-top:8px}.elementor-widget-text-editor:not(.elementor-drop-cap-view-default) .elementor-drop-cap-letter{width:1em;height:1em}.elementor-widget-text-editor .elementor-drop-cap{float:left;text-align:center;line-height:1;font-size:50px}.elementor-widget-text-editor .elementor-drop-cap-letter{display:inline-block}<\/style>\t\t\t\t<p>Procedimiento mediante el cual se logra la correcci\u00f3n y armon\u00eda facial, devolviendo funci\u00f3n y est\u00e9tica de las unidades dentomaxilares en el tratamiento de las deformidades o defectos de tama\u00f1o y\/o posici\u00f3n de los maxilares<\/p>\t\t\t\t\t\t<\/div>\n\t\t\t\t<\/div>\n\t\t\t\t<div class=\"elementor-element elementor-element-9d39374 elementor-widget elementor-widget-heading\" data-id=\"9d39374\" data-element_type=\"widget\" data-widget_type=\"heading.default\">\n\t\t\t\t<div class=\"elementor-widget-container\">\n\t\t\t<h2 class=\"elementor-heading-title elementor-size-default\">Diagnostico y procedimiento<\/h2>\t\t<\/div>\n\t\t\t\t<\/div>\n\t\t\t\t<div class=\"elementor-element elementor-element-06f7695 elementor-widget elementor-widget-text-editor\" data-id=\"06f7695\" data-element_type=\"widget\" data-widget_type=\"text-editor.default\">\n\t\t\t\t<div class=\"elementor-widget-container\">\n\t\t\t\t\t\t\t<p>Su diagn\u00f3stico es mediante radiograf\u00edas de rutina como la panor\u00e1mica,&nbsp; perfil y posteroanterior, fotos intra y extra orales, modelos de estudio (moldes de los dientes) y se debe trabajar en conjunto con uno de nuestros especialistas aliados, el Ortodoncista, ya que se requiere un tratamiento de ortodoncia en curso previo al procedimiento quir\u00fargico, durante y despu\u00e9s del mismo. El procedimiento se realiza por medio de cortes en los huesos maxilares y reposicionamiento de los mismos con placas y tornillos de osteos\u00edntesis en la posici\u00f3n previamente estudiada y establecida seg\u00fan cada caso. Sin cicatrices visibles ya que se realizan incisiones por dentro de la boca y solo dos peque\u00f1as incisiones a nivel o cerca del angulo mandibular, menores a 1 cm que son casi imperceptibles (suturas por dentro de la boca y dos puntos externos). Puede ser mediante planeaci\u00f3n quir\u00fargica virtual si el paciente elige esta tecnolog\u00eda, la cual posee mayor ventaja sobre la convencional en los casos de asimetr\u00edas faciales (un lado de la cara muy diferente del otro).<\/p>\t\t\t\t\t\t<\/div>\n\t\t\t\t<\/div>\n\t\t\t\t<div class=\"elementor-element elementor-element-7290804 elementor-widget elementor-widget-heading\" data-id=\"7290804\" data-element_type=\"widget\" data-widget_type=\"heading.default\">\n\t\t\t\t<div class=\"elementor-widget-container\">\n\t\t\t<h2 class=\"elementor-heading-title elementor-size-default\">Recuperaci\u00f3n<\/h2>\t\t<\/div>\n\t\t\t\t<\/div>\n\t\t\t\t<div class=\"elementor-element elementor-element-3eb7e76 elementor-widget elementor-widget-text-editor\" data-id=\"3eb7e76\" data-element_type=\"widget\" data-widget_type=\"text-editor.default\">\n\t\t\t\t<div class=\"elementor-widget-container\">\n\t\t\t\t\t\t\tLa recuperaci\u00f3n es de una a dos semanas y los resultados finales se pueden evidenciar al salir de salas de cirug\u00eda, pero de la segunda a la cuarta semana una vez pase el edema (inflamaci\u00f3n) se observan mejor los cambios. Al finalizar el procedimiento se entregar\u00e1n por escrito las recomendaciones y cuidados postoperatorios, pero en general son: Reposo, dieta l\u00edquida durante 4 semanas, toma de medicamentos por horario, fr\u00edo local (hielo en la zona las primeras 72 horas), calor h\u00famedo despu\u00e9s de las 72 horas, estricta higiene oral y continuar controles de ortodoncias a las 6 semanas postoperatoria. Se requiere control del procedimiento a la semana y se eval\u00faa pertinencia para el retiro de suturas intraorales.\t\t\t\t\t\t<\/div>\n\t\t\t\t<\/div>\n\t\t\t\t<div class=\"elementor-element elementor-element-2e65670 elementor-widget elementor-widget-heading\" data-id=\"2e65670\" data-element_type=\"widget\" data-widget_type=\"heading.default\">\n\t\t\t\t<div class=\"elementor-widget-container\">\n\t\t\t<h2 class=\"elementor-heading-title elementor-size-default\">Recomendaciones<\/h2>\t\t<\/div>\n\t\t\t\t<\/div>\n\t\t\t\t<div class=\"elementor-element elementor-element-3754091 elementor-widget elementor-widget-text-editor\" data-id=\"3754091\" data-element_type=\"widget\" data-widget_type=\"text-editor.default\">\n\t\t\t\t<div class=\"elementor-widget-container\">\n\t\t\t\t\t\t\tLas molestias posteriores al procedimiento son m\u00ednimas y\/o de f\u00e1cil manejo y predomina el edema o inflamaci\u00f3n y posibles equimosis o morados en la regi\u00f3n facial. Aunque los riesgos son poco frecuentes estos pueden ser: Hemorragia, hematoma, lesi\u00f3n vascular o nerviosa, da\u00f1o a las ra\u00edces de los dientes, asimetr\u00edas, maloclusi\u00f3n, infecci\u00f3n, rechazo del material de osteos\u00edntesis (placas y tornillos) necesidad de retirarlas, re intervenci\u00f3n. \t\t\t\t\t\t<\/div>\n\t\t\t\t<\/div>\n\t\t\t\t<div class=\"elementor-element elementor-element-9f4f07c elementor-widget elementor-widget-global elementor-global-1619 elementor-widget-button\" data-id=\"9f4f07c\" data-element_type=\"widget\" data-widget_type=\"button.default\">\n\t\t\t\t<div class=\"elementor-widget-container\">\n\t\t\t\t\t<div class=\"elementor-button-wrapper\">\n\t\t\t<a href=\"https:\/\/maxiloface.com.co\/?page_id=75\" class=\"elementor-button-link elementor-button elementor-size-md\" role=\"button\">\n\t\t\t\t\t\t<span class=\"elementor-button-content-wrapper\">\n\t\t\t\t\t\t\t<span class=\"elementor-button-icon elementor-align-icon-right\">\n\t\t\t\t<i aria-hidden=\"true\" class=\"far fa-calendar-check\"><\/i>\t\t\t<\/span>\n\t\t\t\t\t\t<span class=\"elementor-button-text\">Agenda tu cita<\/span>\n\t\t<\/span>\n\t\t\t\t\t<\/a>\n\t\t<\/div>\n\t\t\t\t<\/div>\n\t\t\t\t<\/div>\n\t\t\t\t\t<\/div>\n\t\t<\/div>\n\t\t\t\t\t\t\t<\/div>\n\t\t<\/section>\n\t\t\t\t\t<\/div>\n\t\t<\/div>\n\t\t\t\t\t\t\t<\/div>\n\t\t<\/section>\n\t\t\t\t\t\t\t<\/div>\n\t\t","protected":false},"excerpt":{"rendered":"<p>Cirug\u00eda ortogn\u00e1tica \u00bfEn qu\u00e9 consiste? Procedimiento mediante el cual se logra la correcci\u00f3n y armon\u00eda facial, devolviendo funci\u00f3n y est\u00e9tica de las unidades dentomaxilares en el tratamiento de las deformidades o defectos de tama\u00f1o y\/o posici\u00f3n de los maxilares Diagnostico y procedimiento Su diagn\u00f3stico es mediante radiograf\u00edas de rutina como la panor\u00e1mica,&nbsp; perfil y posteroanterior, [&hellip;]<\/p>\n","protected":false},"author":1,"featured_media":0,"parent":0,"menu_order":0,"comment_status":"closed","ping_status":"closed","template":"elementor_header_footer","meta":{"_monsterinsights_skip_tracking":false,"_monsterinsights_sitenote_active":false,"_monsterinsights_sitenote_note":"","_monsterinsights_sitenote_category":0,"footnotes":""},"class_list":["post-347","page","type-page","status-publish","hentry"],"_links":{"self":[{"href":"https:\/\/maxiloface.com.co\/index.php?rest_route=\/wp\/v2\/pages\/347","targetHints":{"allow":["GET"]}}],"collection":[{"href":"https:\/\/maxiloface.com.co\/index.php?rest_route=\/wp\/v2\/pages"}],"about":[{"href":"https:\/\/maxiloface.com.co\/index.php?rest_route=\/wp\/v2\/types\/page"}],"author":[{"embeddable":true,"href":"https:\/\/maxiloface.com.co\/index.php?rest_route=\/wp\/v2\/users\/1"}],"replies":[{"embeddable":true,"href":"https:\/\/maxiloface.com.co\/index.php?rest_route=%2Fwp%2Fv2%2Fcomments&post=347"}],"version-history":[{"count":175,"href":"https:\/\/maxiloface.com.co\/index.php?rest_route=\/wp\/v2\/pages\/347\/revisions"}],"predecessor-version":[{"id":2162,"href":"https:\/\/maxiloface.com.co\/index.php?rest_route=\/wp\/v2\/pages\/347\/revisions\/2162"}],"wp:attachment":[{"href":"https:\/\/maxiloface.com.co\/index.php?rest_route=%2Fwp%2Fv2%2Fmedia&parent=347"}],"curies":[{"name":"wp","href":"https:\/\/api.w.org\/{rel}","templated":true}]}}